r) = 5*r - 21. Let b be g(a). Suppose 3*x - 7 = 5*z, 0 = -3*z - z - 3*x + 16. What is the highest common factor of b and z?
1
Suppose -158*s + 153*s = -215. What is the highest common factor of 24 and s?
1
Let h be (-70 - 2)/(5 + (-13498)/2686). What is the greatest common divisor of 1580 and h?
316
Let z be (((-126)/49)/(9/252))/(-2). Calculate the greatest common factor of z and 1494.
18
Let z(o) = -2*o**2 + 52*o + 42. Let b be z(25). Let g be -6 + 2 + 2 - -2. Suppose g*q + 3*q - 5*p = 143, -p = 1. Calculate the highest common factor of q and b.
46
Let o(q) = -q**2 + 6*q + 229. Let h be o(14). Suppose -3*s - 4*f + 46 = 0, -2*s = -0*f + 5*f - 26. What is the greatest common factor of s and h?
9
Let p(u) = -3 + 7*u**2 - 2*u**2 - 4. Let w be p(7). Let c = 79 + -45. Calculate the highest common divisor of w and c.
34
Let w(u) = 921*u + 2338. Let s be w(-2). What is the highest common factor of s and 1271?
31
Let l = -7124 + 8686. What is the greatest common divisor of l and 71?
71
Let k(p) = -p**3 - 46*p**2 - 467*p - 2. Let c be k(-31). Suppose 36 = -g + 2*g. Calculate the greatest common divisor of c and g.
12
Let p(y) = 70*y**2 - 1117*y - 21. Let t be p(16). What is the greatest common divisor of 12609 and t?
27
Let j(u) be the first derivative of -u**4/4 - 40*u**3/3 - 75*u**2/2 + 42*u + 147. Let f be j(-38). Calculate the highest common factor of f and 36.
4
Let m(d) = d**2 + 2*d - 8. Let p be m(-13). Suppose 258*h - 123*h - 378 = 121*h. Calculate the highest common divisor of h and p.
27
Let c be 54812/18 + 0 - (-5)/(-45). Calculate the greatest common factor of 210 and c.
105
Suppose 0 = 6*f + 455 - 119. Let h = 59 + f. Suppose 0 = 2*u - h*z - 48 - 30, u + 2*z = 25. What is the greatest common divisor of u and 11?
11
Let t be 21000/(-900)*(13*(-5)/25 + -1). Let w(s) = -10*s - 2. Let g be w(-5). What is the highest common divisor of g and t?
12
Let w(f) = -4*f - 32. Suppose 0 = -4*j + 6*j + o + 43, 4*j + 92 = 4*o. Let n = j - -9. Let v be w(n). What is the highest common divisor of 10 and v?
10
Let b = 6 - -16. Suppose n + 10 = -n, -z = 3*n + b. Let q(f) = f**3 + 9*f**2 + 6*f - 4. Let k be q(z). Calculate the highest common factor of k and 13.
13
Suppose -5*l + 12*q - 16*q = -76, 5*q - 8 = l. Let r be ((-117)/l)/(-4 - (-77)/20). What is the greatest common factor of r and 30?
5
Suppose -2*p - 20*c = -21*c - 2737, -3*p + 3*c + 4098 = 0. What is the highest common factor of p and 3?
3
Let w = 54 + -33. Suppose -14*v + 4167 = 38*v - 4569. Calculate the greatest common factor of v and w.
21
Suppose -1039 = 6*t - 5581. Suppose -3*a - m + 994 = 0, -81 + t = 2*a + 4*m. What is the highest common divisor of 30 and a?
30
Let k = 1048 + -1635. Let x = -517 - k. Calculate the highest common factor of x and 30.
10
Let n(z) = 8*z - 4. Let w be n(2). Suppose 3*l = -3*h + 111, -h - 4*h + 135 = -5*l. Let c = h - 20. What is the highest common divisor of w and c?
12
Let q be 20/(-1) - 10580621/(-547). What is the greatest common divisor of q and 342?
171
Suppose 0 = -9*u + 1090 + 8576. What is the highest common factor of u and 6?
6
Let y(v) = -3*v**3 - 2*v**2 - 4*v. Let h be y(-4). Suppose 517 = 3*x + 300 - 119. Calculate the greatest common factor of h and x.
16
Let p(r) = -r - 3. Let i be p(-12). Suppose i*l - 16*l + 1890 = 0. Suppose -j + u + 32 = 0, 4*j - 2*j - 68 = 4*u. What is the highest common divisor of l and j?
30
Let a(n) = -n**2 - 1. Let d be a(0). Let h be (-1 + d + -4)/(6/(-75)). Calculate the greatest common divisor of h and 45.
15
Let v be -6 + 5 - (-1 + -27). Suppose -7*x + 8 = -v. Suppose -4*p + 61 = x*u, 0 = 4*p + 2*u - u - 41. Calculate the highest common divisor of p and 81.
9
Let v(i) = i**3 + 43*i**2 - 529*i + 98. Let c be v(-53). What is the highest common factor of c and 125?
5
Suppose 5*p - 13 - 83 = -2*t, -p + 4*t + 6 = 0. Let z be 361/4 - (9/(-4))/(-9). What is the highest common divisor of z and p?
18
Let h(j) = 85*j - 4471. Let v be h(68). Calculate the highest common divisor of v and 28.
7
Suppose 770 = 5*j + 2*j. Suppose -4*y = -0*l + 3*l + 54, 5*y + 83 = 4*l. Let v = y - -37. Calculate the greatest common factor of j and v.
22
Suppose -2*z = -3*z + 10. Let i(g) = 38*g + 1406. Let a be i(-37). Suppose 4*f + 4*q - 1240 = a, 13*q - z = 8*q. What is the highest common divisor of 28 and f?
28
Let p(k) = -1890*k - 8590. Let w be p(-6). What is the greatest common factor of 770 and w?
110
Let y = -2044 - -2158. What is the highest common factor of 2622 and y?
114
Let b = 993 - 922. Suppose 109 = 3*h - 9*r + 13*r, -2*h + b = r. Calculate the greatest common factor of h and 35.
35
Let o(i) = -1098*i + 30. Let s be o(-8). What is the greatest common divisor of 234 and s?
78
Let k = -335 + 337. Let t be 12/1*(k + 30/45). Calculate the highest common factor of t and 80.
16
Suppose t + 2*m - 74 = 0, m = 4*t - 149 - 165. Let n = 155 - 141. Suppose -22*i + n*i = -416. What is the highest common factor of t and i?
26
Suppose -406*d = -424*d + 378. Calculate the greatest common divisor of d and 12873.
21
Suppose -78 + 321 + 145 = q. Calculate the greatest common factor of q and 164.
4
Let m = 837 + 708. Suppose -j = -5*c + m, 3*c + 5*j + 1257 = 7*c. Let v = 35 - 7. Calculate the highest common divisor of v and c.
28
Let w(m) = 5*m**3 - 18*m**2 + 104*m - 131. Let f be w(3). Calculate the highest common factor of f and 2478.
14
Suppose -332 = l - 335. Suppose -l*j - 101 = -344. Calculate the highest common divisor of 54 and j.
27
Let y be (0 - (-7)/(-2))*204/(-238). Suppose -y*x = 7*x - 90. Calculate the highest common factor of 117 and x.
9
Let j(w) = -w**2 + 37*w + 638. Let f be j(47). Let y(g) = -10*g + 2. Let z be y(-4). What is the greatest common divisor of z and f?
42
Suppose 4*c = -28, 0 = 5*z - 3*c - 160 - 731. What is the highest common factor of 1537 and z?
29
Let b = 805 - 791. Suppose b*m - 284 = 10. What is the greatest common factor of 336 and m?
21
Let k(u) = 19*u + 698. Let i be k(-32). What is the highest common factor of i and 162?
18
Let u be (22648/190 - -4) + 3/(15/4). What is the greatest common factor of 6138 and u?
62
Let m = 31926 + -30275. What is the highest common divisor of 889 and m?
127
Let m be (-8)/10 + ((-4452)/(-5))/(-7). Let l = 0 - m. What is the highest common divisor of l and 16?
16
Let k be ((-40)/6)/(2/3). Let o(r) = r**3 + 10*r**2 - 6*r. Let i be o(k). What is the greatest common factor of 780 and i?
60
Let r(o) = -716*o + 3631. Let y be r(-29). Calculate the greatest common factor of y and 7.
7
Let y(c) = -892*c + 297. Let n be y(-10). What is the highest common divisor of 65 and n?
13
Let g = 307 + -360. Let w = g - -262. Calculate the highest common divisor of 11 and w.
11
Let j be 2 + (-133)/(-2) + 3/(-2). Suppose -i = -2*v + j, 140 = 4*v - 3*i + 7*i. Suppose -66*g - 8 = -70*g. What is the greatest common divisor of v and g?
2
Let r(g) = 7*g**2 - 82*g - 378. Let d be r(-5). What is the greatest common factor of 9039 and d?
69
Let l(y) = -23*y. Let z be l(1). Suppose 2*u = 3*u - 22. Let g be (0 + -33)/(z + u). What is the highest common divisor of g and 264?
33
Let q be 41 - 9 - 1*-11. What is the greatest common factor of 2623 and q?
43
Suppose 102*b - 27764 = -9867 + 5971. What is the highest common divisor of b and 2938?
26
Let k be 4*(2 + (-3 - -2)). Suppose k*z + 5 = 85. What is the greatest common divisor of z and 100?
20
Suppose 45 = a + 42, 5*n = -5*a + 2395. Calculate the highest common divisor of 532 and n.
28
Suppose 4*k - 21 - 83 = 0. Let v(b) = 110*b - 996. Let x be v(10). What is the highest common factor of k and x?
26
Suppose 4*q - 12 = -0*q. Suppose -2*u - q*u + 15 = 0. Suppose 4*m - 39 = -u*n, -2*n - m - 33 = -6*n. Calculate the greatest common factor of 63 and n.
9
Let m be (1/5)/(27/(-54))*-5. Let p(y) = -2*y + 10. Let b be p(7). Let h be m + ((-93)/(-2) - (-2)/b). What is the greatest common divisor of h and 16?
16
Suppose 5*h + 1365 = -5*w, -4*w = -h + 235 + 847. Let r = 390 + w. Suppose -39 = y - r. What is the greatest common factor of y and 8?
8
Let r be 18/(-2) + 2 + 241. Calculate the greatest common factor of r and 312.
78
Suppose 0 = -4*j - 25*a + 22*a + 16437, a - 16423 = -4*j. Calculate the highest common divisor of j and 504.
72
Let g be 924/46 + (-26)/299 + -5.